 r composite?
False
Let n = 9 - 14. Is 256 + (-3 - 5/n) prime?
False
Suppose -1354 - 2498 = -12*d. Let v = -22 + d. Let b = v - -750. Is b composite?
False
Suppose -37*w = -c - 41*w + 102023, -4*c - w + 408182 = 0. Is c a prime number?
False
Let h(w) = 878*w**2 - 19*w - 131. Is h(-8) a composite number?
True
Let h(d) = 52*d**3 - d**2 - 18*d - 22. Is h(9) prime?
True
Let s(y) = -9*y**2 + 380*y - 110. Let a be s(40). Suppose h - 2*m + 11 = 0, 3*h - m = m - 29. Is (-2)/(-3) - (a/h)/2 composite?
True
Let b be 312/48 - ((-3)/2 + 2). Is (-40)/(-60) - (-4022)/b a prime number?
False
Suppose 19*v - 22*v - 3 = 0, -4*g + 3417921 = 3*v. Suppose -g = -17*d - 24*d. Is d a composite number?
True
Let a be (-2 + -8 - -5) + 10656. Suppose -1384*n + a = -1383*n. Is n a prime number?
True
Suppose -4*k + 3*j = -3279, -k - 2*j = 4*k - 4070. Suppose -p = 118 - k. Suppose 7*n - 1535 = p. Is n composite?
True
Let c(w) = w**2 + 0*w**2 - 157 + 79 + 22*w + 75. Let n be c(-15). Let l = -86 - n. Is l composite?
True
Suppose 9048 + 521 = p - 3*h, 5*p - 47821 = 3*h. Let a = p - 5682. Is a a prime number?
True
Let h(k) = 8*k**3 - k**2 - 4*k - 2. Let w be h(-1). Let r be -693 + w + 2*1 + 0. Let j = 1353 + r. Is j composite?
True
Let c(m) = -99*m - 4. Let h = -35 + 29. Let f(j) = -99*j - 5. Let w(r) = h*c(r) + 5*f(r). Is w(6) prime?
True
Suppose 596033 = 3*f + 5*z, -z + 993359 = 6*f - f. Is f prime?
False
Is 10/6*(-120)/100*8889/(-6) a composite number?
False
Suppose -4*g = -6434 - 8094. Let u = -1831 + g. Is u a prime number?
True
Suppose 571360 = 4*h - 3*u, -3*h = 5*u - 171217 - 257274. Is h a composite number?
False
Suppose -11*w = 5*w - 5*w - 231649. Is w prime?
True
Let k(t) = 148*t**2 - 14*t + 193. Is k(-13) composite?
True
Let g be ((2 - 6)*(-1)/(-2))/(-2). Let h = 3 - g. Suppose 14*i - 13*i = h. Is i a prime number?
True
Let k = 497676 - 68195. Is k a composite number?
True
Let x = 4485 + 30854. Is x composite?
False
Suppose 0 = -8*l + 6*l - 50. Let y = 27 + l. Suppose y*a - 347 = a. Is a a prime number?
True
Suppose 6 = 3*m, -5*a + 3*m - 38 = -a. Is ((2/(-3))/(a/(-1236)))/(-1) composite?
False
Is 7626885/11 + (684/2772 - (-15)/(-35)) a composite number?
False
Let v = 169602 - -16795. Is v composite?
False
Suppose -148 = 3*y - 157. Let f = 3 - 1. Suppose y*g - 826 - 117 = -f*a, -a = g - 474. Is a prime?
True
Let x be 7/(-2)*(-30)/21. Suppose -x*h + 23295 = 5*s, s - 5569 = -2*h - 915. Suppose 0*k + 5*d = -3*k + 7006, -2*k - 2*d = -s. Is k a composite number?
True
Is 4*(-319)/22*(-1 - 1191/2) composite?
True
Suppose -7*s - 5*s + 300 = 0. Suppose 11*p - s*p = -101290. Is p a composite number?
True
Let s(g) = g + 77*g**3 - 318*g**2 + 501*g**3 + 7 + 315*g**2. Is s(2) a composite number?
False
Let b be (-16)/(-6) + 20/(-30). Suppose 2*w - 9163 = -5*m - 2789, -3*m + b*w + 3818 = 0. Suppose -6*x = -4048 - m. Is x a composite number?
False
Suppose 2*q + 1020036 = 4*z, 2*z = 6*z - 3*q - 1020040. Is z composite?
False
Let d(x) = -317*x + 1171. Let j be d(-5). Let w = -2022 - -173. Let g = j + w. Is g composite?
False
Let q(w) be the third derivative of 0 - 143/24*w**4 - 53/6*w**3 + 0*w + 41*w**2. Is q(-18) composite?
False
Let d = -103 + 104. Let t(m) = 2*m**2 + m. Let b be t(d). Suppose -2*f - 4197 = -2*v - b*f, -5 = 5*f. Is v prime?
True
Let l = 243816 - 167321. Is l a composite number?
True
Let j be (18 + -12)/(4/26). Suppose 43*p - 7748 = j*p. Is p prime?
False
Suppose -121*i = -116*i - 157475. Suppose 66*c - 61*c = i. Is c prime?
True
Let z = -2842 + 2845. Let r(h) = -h**3 + 2*h**2 - 6*h - 10. Let o be r(-8). Suppose z*j = -6, -j = x - o + 45. Is x a composite number?
True
Is 1898960/8 - ((-3)/4 + 9/(-4)) a composite number?
False
Let n = 1093 - 762. Suppose r = -9*r - 2180. Let h = r + n. Is h prime?
True
Suppose 3*m - 836171 = 30*c - 38*c, 3*c - 5*m - 313558 = 0. Is c a composite number?
True
Let a(n) = -n**3 + 11*n**2 + 10*n - 14. Let z be a(12). Let g = -35 - z. Is g/((-6)/(-710)) - (3 - 1) a prime number?
True
Let t(o) = -o - 2. Let r be t(-6). Let f = -9101 + 10805. Is 5 + (2 - r) + f prime?
False
Suppose 15 = 3*u - 12. Let m(l) = -u*l + 3*l**2 - l**3 + 17*l**2 - 7*l**3 + 13 + 7*l**3. Is m(16) composite?
True
Let z be (-1 - 3) + 526 + (-108)/9. Suppose 5*c = p - 103, -5*p + c + z + 101 = 0. Is p composite?
True
Let y(o) be the second derivative of 185*o**3/6 - 3*o**2/2 - 398*o. Let u be 16/(-6)*3/(-2). Is y(u) composite?
True
Suppose -4*h + 1214932 = -3*z - 103474, -5*h + 3*z = -1648003. Is h prime?
True
Suppose -74*p + 65*p = -4164327. Is p composite?
True
Suppose -12*q = -14*q - 24*q. Suppose 10*l - 9275 - 20465 = q. Is l composite?
True
Suppose 24 = 5*r + 9. Suppose -1191 = -3*u - r*a, u + 0*u - 4*a - 387 = 0. Is u prime?
False
Let a be -642 + (-3)/6*6. Let t = a + 2168. Is t composite?
False
Let t(s) = -4*s - 34. Suppose 5*k - 9*k - 24 = 0. Let i be 80/(-6) + 4/k. Is t(i) a composite number?
True
Suppose -5*i = n - 3*i - 23175, n - 4*i - 23199 = 0. Is n composite?
True
Let f be ((-5)/10*-2 - 3)*-1. Let l be (2/(-3))/((-1)/6). Suppose -f*k = a - 369, -k - k = l*a - 366. Is k a prime number?
False
Let h = 5830344 + -3347441. Is h a prime number?
True
Let p = 186013 - 118142. Let f = p + -44682. Is f composite?
False
Let p(y) = -y**2 - y + 2. Let t be p(-2). Suppose -3*b + 2559 = 5*n, -6*n + 3*n = t. Is b a prime number?
True
Suppose -o + 4*h = -274, -4*o + 5*h = -1268 + 194. Suppose -o*r + 261*r + 5575 = 0. Is r prime?
False
Suppose m - 44884 = 49*w - 54*w, -m - 4*w = -44881. Is m a composite number?
True
Let i = -950744 - -1341595. Is i composite?
False
Suppose -5*n + 3 = -22. Let f(s) = 15*s - 14. Let i be f(n). Let d = i + 150. Is d a prime number?
True
Let n(j) = -3*j**3 + 25*j**2 + 31*j - 18. Is n(-7) composite?
True
Let x = -11 - -8. Let h be (x + 5)/(2/5). Suppose 0 = 3*k - h*m - 4153, -5*m = 6*k - k - 6895. Is k a composite number?
False
Let p(q) = 96*q**2 + 121*q - 311. Is p(-66) a composite number?
False
Suppose -3*d - 11 = -4*p + 4, 2*d + 14 = 4*p. Suppose -3*x - 15 = -2*x + 5*m, -p = -3*x + m. Suppose x*h - 5257 = -7*h. Is h a composite number?
False
Suppose -19*v + 84482 = -55301. Suppose -3*k - 2503 + v = 0. Is k prime?
False
Suppose 3645 = 2*q + 5*k - 6963, 0 = 3*q + 4*k - 15898. Is q a prime number?
False
Suppose 2*z - 9 = -l, 2*l + 0*l = z + 3. Suppose -5*m = l*g - 33564, 3*g - 7*g = -m - 44729. Is g a composite number?
True
Suppose 141*d = 602*d - 249607297 - 31827210. Is d a composite number?
True
Suppose 125 = -3*b - 2*b. Let n(p) = -76*p - 928. Let c be n(-13). Is 2 + c/b + 1167/5 composite?
False
Suppose s = -y + 408538, 12*y + 2*s = 11*y + 408545. Is y a prime number?
False
Suppose 3*s = -2*w + 6*s + 221054, 2*s = 4*s. Is w composite?
False
Let r(n) = -8*n**3 + 15*n**2 - 5*n + 13. Is r(-12) a prime number?
True
Suppose -4 - 8 = -4*p. Suppose x + 21 = -4*x + 4*w, -p*x + 4*w - 19 = 0. Is 36 - 1 - (5 + x) prime?
True
Suppose -2*w + 2080081 = 5*i, 0 = 3*i - 4*w - 636741 - 611292. Is i composite?
True
Is (240226/(-42))/(-1 + (-10)/(-15)) composite?
False
Suppose 0 = 16*x - 11*x - 45. Suppose -9 = -9*i + x. Suppose -g + 2*r = -45, i*g = -r - 0*r + 100. Is g prime?
False
Suppose -5*p + 44 = f, -8*f + 40 = 3*p - 4*f. Is 79/1*(0 + p + 95) a composite number?
True
Suppose 3*g + 18 = -3*f, 8*f - g = 3*f - 42. Let y be (-334)/(-4)*(6 + f). Let r = -109 - y. Is r a prime number?
False
Suppose 40*z - 18 = 36*z + 5*f, -2*f - 2 = z. Suppose -2*n + 5*i + 2644 = 0, z*n + 3*i - 724 = 1904. Is n a prime number?
False
Let b = 48 - 45. Is 2917/b*((-90)/9 + 25) composite?
True
Let b(q) = -77*q**3 + q**2 + 5*q - 2. Suppose -5*w - 3*j = -4*w - 9, -3*j = -12. Is b(w) prime?
False
Suppose -5*z - 158 = -4*z + 4*q, -4*q = -5*z - 838. Let b = -375 + z. Let v = 950 + b. Is v a prime number?
True
Let f(i) = -83*i - 38. Let z be f(-12). Let m = 2501 - z. Is m a composite number?
False
Suppose -5*n + 28*i - 31*i + 1236320 = 0, -3*n + 741748 = -7*i. Is n a composite number?
True
Suppose 131*b + 909942 = 137*b. Suppose -5*d + b - 9092 = -5*r, -5*d = -4*r - 142563. Is d a composite number?
True
Let y be (18 + -16)/((-4)/(-10)). Suppose -4*x = y - 65. Let h = x + 50. Is h prime?
False
Let k(j) = j**3 + 8*j**2 + 8*j - 23. Let o be k(-6). Is (-2)/(1 + o)*(-7842 + 25) a prime num